{"id":204,"date":"2012-05-28T16:42:23","date_gmt":"2012-05-28T16:42:23","guid":{"rendered":"http:\/\/www.real.edu.ee\/ajaveeb\/132c\/?page_id=204"},"modified":"2012-05-28T16:42:23","modified_gmt":"2012-05-28T16:42:23","slug":"euroopa-paeva-viktoriin","status":"publish","type":"page","link":"https:\/\/www.real.edu.ee\/ajaveeb\/arh132c\/euroopa-paeva-viktoriin\/","title":{"rendered":"Euroopa p\u00e4eva viktoriin"},"content":{"rendered":"<p>K\u00e4isime Euroopa p\u00e4evaga seoses v\u00f5istkondlikul viktoriinil, kus meie klass sai kahjuks viimase koha. V\u00f5istkonnas olid peale minu veel Melanie, Samela, Liis ja Rao.<\/p>\n<p>&nbsp;<\/p>\n<p>Robert<\/p>\n","protected":false},"excerpt":{"rendered":"<p>K\u00e4isime Euroopa p\u00e4evaga seoses v\u00f5istkondlikul viktoriinil, kus meie klass sai kahjuks viimase koha. V\u00f5istkonnas olid peale minu veel Melanie, Samela, Liis ja Rao. &nbsp; Robert<\/p>\n","protected":false},"author":1,"featured_media":0,"parent":0,"menu_order":0,"comment_status":"open","ping_status":"open","template":"","meta":{"footnotes":""},"class_list":["post-204","page","type-page","status-publish","hentry"],"_links":{"self":[{"href":"https:\/\/www.real.edu.ee\/ajaveeb\/arh132c\/wp-json\/wp\/v2\/pages\/204","targetHints":{"allow":["GET"]}}],"collection":[{"href":"https:\/\/www.real.edu.ee\/ajaveeb\/arh132c\/wp-json\/wp\/v2\/pages"}],"about":[{"href":"https:\/\/www.real.edu.ee\/ajaveeb\/arh132c\/wp-json\/wp\/v2\/types\/page"}],"author":[{"embeddable":true,"href":"https:\/\/www.real.edu.ee\/ajaveeb\/arh132c\/wp-json\/wp\/v2\/users\/1"}],"replies":[{"embeddable":true,"href":"https:\/\/www.real.edu.ee\/ajaveeb\/arh132c\/wp-json\/wp\/v2\/comments?post=204"}],"version-history":[{"count":0,"href":"https:\/\/www.real.edu.ee\/ajaveeb\/arh132c\/wp-json\/wp\/v2\/pages\/204\/revisions"}],"wp:attachment":[{"href":"https:\/\/www.real.edu.ee\/ajaveeb\/arh132c\/wp-json\/wp\/v2\/media?parent=204"}],"curies":[{"name":"wp","href":"https:\/\/api.w.org\/{rel}","templated":true}]}}