{"id":75,"date":"2011-09-29T19:29:52","date_gmt":"2011-09-29T19:29:52","guid":{"rendered":"http:\/\/www.real.edu.ee\/ajaveeb\/arh132c\/files\/2011\/09\/DSC_0095.jpg"},"modified":"2011-09-29T19:29:52","modified_gmt":"2011-09-29T19:29:52","slug":"dsc_0095","status":"inherit","type":"attachment","link":"https:\/\/www.real.edu.ee\/ajaveeb\/arh132c\/2011\/09\/29\/meie-kooli-juubel\/dsc_0095\/","title":{"rendered":"DSC_0095"},"author":1,"featured_media":0,"comment_status":"open","ping_status":"open","template":"","meta":[],"class_list":["post-75","attachment","type-attachment","status-inherit","hentry"],"description":{"rendered":"<p class=\"attachment\"><a href='https:\/\/www.real.edu.ee\/ajaveeb\/arh132c\/files\/2011\/09\/DSC_0095.jpg'><img loading=\"lazy\" decoding=\"async\" width=\"300\" height=\"200\" src=\"https:\/\/www.real.edu.ee\/ajaveeb\/arh132c\/files\/2011\/09\/DSC_0095-300x200.jpg\" class=\"attachment-medium size-medium\" alt=\"\" srcset=\"https:\/\/www.real.edu.ee\/ajaveeb\/arh132c\/files\/2011\/09\/DSC_0095-300x200.jpg 300w, https:\/\/www.real.edu.ee\/ajaveeb\/arh132c\/files\/2011\/09\/DSC_0095-1024x682.jpg 1024w\" sizes=\"auto, (max-width: 300px) 100vw, 300px\" \/><\/a><\/p>\n<p>P\u00e4rast kringli s\u00f6\u00f6mist.<\/p>\n"},"caption":{"rendered":"<p>P\u00e4rast kringli s\u00f6\u00f6mist.<\/p>\n"},"alt_text":"","media_type":"image","mime_type":"image\/jpeg","media_details":{"width":4608,"height":3072,"file":"2011\/09\/DSC_0095.jpg","sizes":{"thumbnail":{"file":"DSC_0095-150x150.jpg","width":150,"height":150,"mime_type":"image\/jpeg","source_url":"https:\/\/www.real.edu.ee\/ajaveeb\/arh132c\/files\/2011\/09\/DSC_0095-150x150.jpg"},"medium":{"file":"DSC_0095-300x200.jpg","width":300,"height":200,"mime_type":"image\/jpeg","source_url":"https:\/\/www.real.edu.ee\/ajaveeb\/arh132c\/files\/2011\/09\/DSC_0095-300x200.jpg"},"large":{"file":"DSC_0095-1024x682.jpg","width":1024,"height":682,"mime_type":"image\/jpeg","source_url":"https:\/\/www.real.edu.ee\/ajaveeb\/arh132c\/files\/2011\/09\/DSC_0095-1024x682.jpg"},"full":{"file":"DSC_0095.jpg","width":4608,"height":3072,"mime_type":"image\/jpeg","source_url":"https:\/\/www.real.edu.ee\/ajaveeb\/arh132c\/files\/2011\/09\/DSC_0095.jpg"}},"image_meta":{"aperture":0,"credit":"","camera":"","caption":"","created_timestamp":0,"copyright":"","focal_length":0,"iso":0,"shutter_speed":0,"title":""}},"post":68,"source_url":"https:\/\/www.real.edu.ee\/ajaveeb\/arh132c\/files\/2011\/09\/DSC_0095.jpg","_links":{"self":[{"href":"https:\/\/www.real.edu.ee\/ajaveeb\/arh132c\/wp-json\/wp\/v2\/media\/75","targetHints":{"allow":["GET"]}}],"collection":[{"href":"https:\/\/www.real.edu.ee\/ajaveeb\/arh132c\/wp-json\/wp\/v2\/media"}],"about":[{"href":"https:\/\/www.real.edu.ee\/ajaveeb\/arh132c\/wp-json\/wp\/v2\/types\/attachment"}],"author":[{"embeddable":true,"href":"https:\/\/www.real.edu.ee\/ajaveeb\/arh132c\/wp-json\/wp\/v2\/users\/1"}],"wp:attached-to":[{"embeddable":true,"post_type":"post","id":68,"href":"https:\/\/www.real.edu.ee\/ajaveeb\/arh132c\/wp-json\/wp\/v2\/posts\/68"}],"curies":[{"name":"wp","href":"https:\/\/api.w.org\/{rel}","templated":true}]}}

<p class="attachment"><a href='https://www.real.edu.ee/ajaveeb/arh132c/files/2011/09/DSC_0095.jpg'><img loading="lazy" decoding="async" width="300" height="200" src="https://www.real.edu.ee/ajaveeb/arh132c/files/2011/09/DSC_0095-300x200.jpg" class="attachment-medium size-medium" alt="" srcset="https://www.real.edu.ee/ajaveeb/arh132c/files/2011/09/DSC_0095-300x200.jpg 300w, https://www.real.edu.ee/ajaveeb/arh132c/files/2011/09/DSC_0095-1024x682.jpg 1024w" sizes="auto, (max-width: 300px) 100vw, 300px" /></a></p>
<p>Pärast kringli söömist.</p>

<p>Pärast kringli söömist.</p>
