{"id":315,"date":"2011-09-13T18:53:59","date_gmt":"2011-09-13T15:53:59","guid":{"rendered":"http:\/\/www.real.edu.ee\/ajaveeb\/127c\/?page_id=315"},"modified":"2011-09-13T18:53:59","modified_gmt":"2011-09-13T15:53:59","slug":"opilased","status":"publish","type":"page","link":"https:\/\/www.real.edu.ee\/ajaveeb\/arh127c\/opilased\/","title":{"rendered":"\u00d5pilased"},"content":{"rendered":"<p><strong><span style=\"text-decoration: underline\">Eva Asper<\/span><\/strong><\/p>\n<p>V\u00f5ib tunduda, et ei j\u00f5ua kooli, sest vaatab laskesuusatamise MM-i, aga pole hullu!<\/p>\n<p><strong><span style=\"text-decoration: underline\">Henri Kristo H\u00f5rrak<\/span><\/strong><\/p>\n<p>Oota, kas te seda anekdooti teate v\u00f5i? Ei? Kohe r\u00e4\u00e4gin!<\/p>\n<p><strong><span style=\"text-decoration: underline\">Marko Jaaksaar<\/span><\/strong><\/p>\n<p>Kolme rusikaga habe.<\/p>\n<p><strong><span style=\"text-decoration: underline\">Juhan Jakobson <\/span><\/strong><\/p>\n<p>H\u00e4rra ebastabiilsus. Tuleb tundi m\u00e4rja peaga \u2013 palav hakkas (veebruarikuu keskpaik). Endiselt ei saa temast vist keegi aru.<\/p>\n<p><strong><span style=\"text-decoration: underline\">Triin J\u00f5eleht<\/span><\/strong><\/p>\n<p>Millal ta ei muretseks? Kr\u00f5beda \u00fctlemisega, kui vaja.<\/p>\n<p><strong><span style=\"text-decoration: underline\">Robert J\u00e4rviste<\/span><\/strong><\/p>\n<p>Toitlustusega abistab Biitseps Aser.<\/p>\n<p><strong><span style=\"text-decoration: underline\">Andri J\u00e4\u00e4ger<\/span><\/strong><\/p>\n<p>Tulihingeline Barca f\u00e4nn.<\/p>\n<p><strong><span style=\"text-decoration: underline\">Piia Ereth Kasatkin<\/span><\/strong><\/p>\n<p>Positiivne t\u00fc\u00fcp! Igavene alaealine, kellel sosistamine pole just tugevaim k\u00fclg.<\/p>\n<p><strong><span style=\"text-decoration: underline\">Sander Alvin Kelder<\/span><\/strong><\/p>\n<p>\u201cKas ta t\u00f5esti just tegi seda?\u201d Prohvetlike s\u00f5nadega nudist.<\/p>\n<p><strong><span style=\"text-decoration: underline\">Frank Karl Koppel<\/span><\/strong><\/p>\n<p>Defineeri Frank Karl Koppel.<\/p>\n<p><strong><span style=\"text-decoration: underline\">Mari Kraav<\/span><\/strong><\/p>\n<p>Sihikindel juhiomadustega vallutajat\u00fc\u00fcpi inimene.<\/p>\n<p><strong><span style=\"text-decoration: underline\">Annabell Kuldmaa<\/span><\/strong><\/p>\n<p>Kui Annabell Olegiga ei n\u00f5ustu, on halvasti.<\/p>\n<p><strong><span style=\"text-decoration: underline\">Henri Kuusk <\/span><\/strong><\/p>\n<p>Arsenali f\u00e4nn on laisaks l\u00e4inud.<\/p>\n<p><strong><span style=\"text-decoration: underline\">Valjo K\u00fctt<\/span><\/strong><\/p>\n<p>Ellab! P\u00e4ikeseline poiss!<\/p>\n<p><strong><span style=\"text-decoration: underline\">Mart Laul<\/span><\/strong><\/p>\n<p>Davai, mis t\u00e4na \u00f5htul toimub?<\/p>\n<p><strong><span style=\"text-decoration: underline\">Siivi Nella Liikane<\/span><\/strong><\/p>\n<p>Absurdihuumor ruulib.<\/p>\n<p><strong><span style=\"text-decoration: underline\">Andrus Lomp<\/span><\/strong><\/p>\n<p>Huvitav loogika ja m\u00e4\u00e4ratu enesekindlus.<\/p>\n<p><strong><span style=\"text-decoration: underline\">Marina Mamutova <\/span><\/strong><\/p>\n<p>\u0160armantne ja temperamentne daam.<\/p>\n<p><strong><span style=\"text-decoration: underline\">Regina Metsallik<\/span><\/strong><\/p>\n<p>Ton Fran\u00e7ais est magnifique!<\/p>\n<p><strong><span style=\"text-decoration: underline\">Heleri Milber<\/span><\/strong><\/p>\n<p>Mac\u2019iga sekret\u00e4r vaatab korraga 50 erinevat seriaali.<\/p>\n<p><strong><span style=\"text-decoration: underline\">Ulla-Mari Niit<\/span><\/strong><\/p>\n<p>K\u00fcmnenda klassi t\u00fcdruk \u00fcheteistk\u00fcmnendiku nahas.<\/p>\n<p><strong><span style=\"text-decoration: underline\">Egert Paadimeister<\/span><\/strong><\/p>\n<p>Mees, kes alati puhvetisse tuleb.<\/p>\n<p><strong><span style=\"text-decoration: underline\">Ergo Pallo<\/span><\/strong><\/p>\n<p>Ei ela teistele, vaid endale.<\/p>\n<p><strong><span style=\"text-decoration: underline\">Magnus Mihkel Peterson<\/span><\/strong><\/p>\n<p>Aitab Mirja S\u00e4rjel <em>Play<\/em> nuppu vajutada.<\/p>\n<p><strong><span style=\"text-decoration: underline\">Anna Pohlak<\/span><\/strong><\/p>\n<p>Me k\u00f5ike teame Anna k\u00fcmmet erinevat m\u00e4rkmikku.<\/p>\n<p><strong><span style=\"text-decoration: underline\">Marko Ratas<\/span><\/strong><\/p>\n<p>Harv n\u00e4htus Reaalkoolis, ent kui tuleb, ei j\u00e4\u00e4 see kellelegi m\u00e4rkamatuks. Prohvet vol 2.<\/p>\n<p><strong><span style=\"text-decoration: underline\">Raido Roben<\/span><\/strong><\/p>\n<p>Eesti parim joonekohtunik tennises.<\/p>\n<p><strong><span style=\"text-decoration: underline\">Marie Roos<\/span><\/strong><\/p>\n<p>Laululinnule f\u00fc\u00fcsika ei meeldi.<\/p>\n<p><strong><span style=\"text-decoration: underline\">Henri R\u00e4stas<\/span><\/strong><\/p>\n<p>Ilmselgelt vaidleb k\u00f5ige p\u00e4rast, mis tema arvamusega ei \u00fchti.<\/p>\n<p><strong><span style=\"text-decoration: underline\">Martin Saarem\u00e4gi<\/span><\/strong><\/p>\n<p>Saarekas sai auto?!<\/p>\n<p><strong><span style=\"text-decoration: underline\">Sten Siitam<\/span><\/strong><\/p>\n<p>Jooksurajalt otse Priv\u00e9sse, sest tal on suva.<\/p>\n<p><strong><span style=\"text-decoration: underline\">Hanna-Liis Tamm<\/span><\/strong><\/p>\n<p>Preili armsus ja korrektsus.<\/p>\n<p><strong><span style=\"text-decoration: underline\">Hans Voldemar Tamm<\/span><\/strong><\/p>\n<p>Kui pastakas kadunud on, k\u00fcsi Volli k\u00e4est.<\/p>\n<p><strong><span style=\"text-decoration: underline\">Taavi Teelem<\/span><\/strong><\/p>\n<p>Hulk on tugevam kui kunagi varem.<\/p>\n<p><strong><span style=\"text-decoration: underline\">Carolin Toomingas<\/span><\/strong><\/p>\n<p>Hullult khuuli jutuga pliks!<\/p>\n<p><strong><span style=\"text-decoration: underline\">Meri Liis Treimann<\/span><\/strong><\/p>\n<p>Vist ajaloo k\u00f5ige laisem ja n\u00e4ljasem sekret\u00e4r.<\/p>\n<p><strong><span style=\"text-decoration: underline\">Kristen Ukanis<\/span><\/strong><\/p>\n<p>Ajab ju n\u00e4rvi, kui keegi ei oska s\u00f5na \u201ckonspekt\u201d normaalselt h\u00e4\u00e4ldada?<\/p>\n<p><strong><span style=\"text-decoration: underline\">Klassijuhataja Piret Karu<\/span><\/strong><\/p>\n<p>J\u00e4rgmisel aastal samal ajal on Karuema K\u00d5IKE n\u00e4inud.<\/p>\n","protected":false},"excerpt":{"rendered":"<p>Eva Asper V\u00f5ib tunduda, et ei j\u00f5ua kooli, sest vaatab laskesuusatamise MM-i, aga pole hullu! Henri Kristo H\u00f5rrak Oota, kas te seda anekdooti teate v\u00f5i? Ei? Kohe r\u00e4\u00e4gin! Marko Jaaksaar Kolme rusikaga habe. Juhan Jakobson H\u00e4rra ebastabiilsus. Tuleb tundi m\u00e4rja peaga \u2013 palav hakkas (veebruarikuu keskpaik). Endiselt ei saa temast vist keegi aru. Triin J\u00f5eleht [&hellip;]<\/p>\n","protected":false},"author":83,"featured_media":0,"parent":0,"menu_order":0,"comment_status":"open","ping_status":"open","template":"","meta":{"footnotes":""},"class_list":["post-315","page","type-page","status-publish","hentry"],"_links":{"self":[{"href":"https:\/\/www.real.edu.ee\/ajaveeb\/arh127c\/wp-json\/wp\/v2\/pages\/315","targetHints":{"allow":["GET"]}}],"collection":[{"href":"https:\/\/www.real.edu.ee\/ajaveeb\/arh127c\/wp-json\/wp\/v2\/pages"}],"about":[{"href":"https:\/\/www.real.edu.ee\/ajaveeb\/arh127c\/wp-json\/wp\/v2\/types\/page"}],"author":[{"embeddable":true,"href":"https:\/\/www.real.edu.ee\/ajaveeb\/arh127c\/wp-json\/wp\/v2\/users\/83"}],"replies":[{"embeddable":true,"href":"https:\/\/www.real.edu.ee\/ajaveeb\/arh127c\/wp-json\/wp\/v2\/comments?post=315"}],"version-history":[{"count":0,"href":"https:\/\/www.real.edu.ee\/ajaveeb\/arh127c\/wp-json\/wp\/v2\/pages\/315\/revisions"}],"wp:attachment":[{"href":"https:\/\/www.real.edu.ee\/ajaveeb\/arh127c\/wp-json\/wp\/v2\/media?parent=315"}],"curies":[{"name":"wp","href":"https:\/\/api.w.org\/{rel}","templated":true}]}}