{"id":142,"date":"2008-12-02T14:00:11","date_gmt":"2008-12-02T19:00:11","guid":{"rendered":"http:\/\/www.real.edu.ee\/ajaveeb\/126c\/?page_id=142"},"modified":"2008-12-02T14:00:11","modified_gmt":"2008-12-02T19:00:11","slug":"meie","status":"publish","type":"page","link":"https:\/\/www.real.edu.ee\/ajaveeb\/arh126c\/meie\/","title":{"rendered":"Meie"},"content":{"rendered":"<p>Siia lehek\u00fcljele on planeeritud meie klassis \u00f5ppivate inimeste nimekiri, kontaktandmed ja l\u00fchitutvustus \ud83d\ude42<\/p>\n","protected":false},"excerpt":{"rendered":"<p>Siia lehek\u00fcljele on planeeritud meie klassis \u00f5ppivate inimeste nimekiri, kontaktandmed ja l\u00fchitutvustus \ud83d\ude42<\/p>\n","protected":false},"author":1,"featured_media":0,"parent":0,"menu_order":1,"comment_status":"open","ping_status":"open","template":"","meta":{"footnotes":""},"class_list":["post-142","page","type-page","status-publish","hentry"],"_links":{"self":[{"href":"https:\/\/www.real.edu.ee\/ajaveeb\/arh126c\/wp-json\/wp\/v2\/pages\/142","targetHints":{"allow":["GET"]}}],"collection":[{"href":"https:\/\/www.real.edu.ee\/ajaveeb\/arh126c\/wp-json\/wp\/v2\/pages"}],"about":[{"href":"https:\/\/www.real.edu.ee\/ajaveeb\/arh126c\/wp-json\/wp\/v2\/types\/page"}],"author":[{"embeddable":true,"href":"https:\/\/www.real.edu.ee\/ajaveeb\/arh126c\/wp-json\/wp\/v2\/users\/1"}],"replies":[{"embeddable":true,"href":"https:\/\/www.real.edu.ee\/ajaveeb\/arh126c\/wp-json\/wp\/v2\/comments?post=142"}],"version-history":[{"count":0,"href":"https:\/\/www.real.edu.ee\/ajaveeb\/arh126c\/wp-json\/wp\/v2\/pages\/142\/revisions"}],"wp:attachment":[{"href":"https:\/\/www.real.edu.ee\/ajaveeb\/arh126c\/wp-json\/wp\/v2\/media?parent=142"}],"curies":[{"name":"wp","href":"https:\/\/api.w.org\/{rel}","templated":true}]}}