{"id":147,"date":"2009-03-08T01:42:55","date_gmt":"2009-03-07T23:42:55","guid":{"rendered":"http:\/\/www.real.edu.ee\/ajaveeb\/126a\/?page_id=147"},"modified":"2009-03-08T01:42:55","modified_gmt":"2009-03-07T23:42:55","slug":"saavutused","status":"publish","type":"page","link":"https:\/\/www.real.edu.ee\/ajaveeb\/arh126a\/saavutused\/","title":{"rendered":"Saavutused"},"content":{"rendered":"<p style=\"text-align: left\">\n<p style=\"text-align: left\">Siia lehek\u00fcljele on plaanis kokku koguda meie klassi saavutused. Kui kellelgi on midagi lisada, andke ikka teada! \u00dcksk\u00f5ik, kas tegemist on siis rahvusvahelise ol\u00fcmpiaadi v\u00f5i kohaliku mudelautov\u00f5istlusega, k\u00f5ik sobib!<\/p>\n<p><strong><br \/>\n<\/strong><\/p>\n<p style=\"text-align: left\">\n<p style=\"text-align: left\">\n<h1 style=\"text-align: left\"><span style=\"text-decoration: underline\">2010\/2011<\/span><\/h1>\n<p><strong><br \/>\n<\/strong><br \/>\n<strong>F\u00fc\u00fcsika tippv\u00f5istlus<\/strong> 3. november<\/p>\n<p>Janno J\u00f5ulu &#8211; 3. koht <\/p>\n<p>Helen Liis &#8211; 4-5. koht<\/p>\n<p>Kert P\u00fctsepp &#8211; 7. koht<\/p>\n<p>Ivar Kiitam &#8211; 8-9. koht<br \/>\n<strong><br \/>\n<\/strong><br \/>\n<strong><br \/>\n<\/strong><br \/>\n<span> <\/span><\/p>\n<h1 style=\"text-align: left\"><span style=\"text-decoration: underline\">2009\/2010<\/span><\/h1>\n<p><strong><br \/>\n<\/strong><br \/>\n<strong>Lahtised matemaatikav\u00f5istlused<\/strong> 3. oktoober<\/p>\n<p>Kadi Liis Saar &#8211; 6. koht ja III auhind<\/p>\n<p><strong>IX Tallinna f\u00fc\u00fcsika tippv\u00f5istlus <\/strong>19. oktoober<\/p>\n<p>Kert P\u00fctsepp &#8211; 1. koht (\u00fcldv\u00f5itja)<\/p>\n<p>Kadi Liis Saar &#8211; 2. koht<\/p>\n<p><strong>XIV rahvusvaheline astronoomiaol\u00fcmpiaad <\/strong>8.-16. november, Hiina<\/p>\n<p>Kadi Liis Saar &#8211; III j\u00e4rgu diplom<\/p>\n<p><span> <\/span><\/p>\n<p><strong>Keemia lahtine v\u00f5istlus <\/strong>7. november<\/p>\n<p><span><span style=\"text-decoration: underline\"><img loading=\"lazy\" decoding=\"async\" class=\"alignright size-medium wp-image-516\" title=\"atgaaadyqibuoaanz6tqphpjzlpvz9bevhpjhjlpljel0ctm4uniizrldaetfr-kv74rnqzjmzthsxssakxyaqbmnuuwajtu9vdq9_gutzbnmhex3taj_gdkeh0ryq1\" src=\"http:\/\/www.real.edu.ee\/ajaveeb\/arh126a\/files\/2009\/03\/atgaaadyqibuoaanz6tqphpjzlpvz9bevhpjhjlpljel0ctm4uniizrldaetfr-kv74rnqzjmzthsxssakxyaqbmnuuwajtu9vdq9_gutzbnmhex3taj_gdkeh0ryq1-300x201.jpg\" alt=\"atgaaadyqibuoaanz6tqphpjzlpvz9bevhpjhjlpljel0ctm4uniizrldaetfr-kv74rnqzjmzthsxssakxyaqbmnuuwajtu9vdq9_gutzbnmhex3taj_gdkeh0ryq1\" width=\"181\" height=\"121\" srcset=\"https:\/\/www.real.edu.ee\/ajaveeb\/arh126a\/files\/2009\/03\/atgaaadyqibuoaanz6tqphpjzlpvz9bevhpjhjlpljel0ctm4uniizrldaetfr-kv74rnqzjmzthsxssakxyaqbmnuuwajtu9vdq9_gutzbnmhex3taj_gdkeh0ryq1-300x201.jpg 300w, https:\/\/www.real.edu.ee\/ajaveeb\/arh126a\/files\/2009\/03\/atgaaadyqibuoaanz6tqphpjzlpvz9bevhpjhjlpljel0ctm4uniizrldaetfr-kv74rnqzjmzthsxssakxyaqbmnuuwajtu9vdq9_gutzbnmhex3taj_gdkeh0ryq1.jpg 800w\" sizes=\"auto, (max-width: 181px) 100vw, 181px\" \/><\/span><\/span><\/p>\n<p><span> <\/span><\/p>\n<p><span> <\/span><\/p>\n<p><span> <\/span><\/p>\n<p><span> <\/span><\/p>\n<p>Kadi Liis Saar &#8211; 7. koht<\/p>\n<p><span> <\/span><\/p>\n<p><span> <\/span><\/p>\n<p><span> <\/span><\/p>\n<p><span> <\/span><\/p>\n<p><span> <\/span><\/p>\n<p><span> <\/span><\/p>\n<p><span> <\/span><\/p>\n<p><span> <\/span><\/p>\n<p><span> <\/span><\/p>\n<p><span> <\/span><\/p>\n<p><span> <\/span><\/p>\n<p><span> <\/span><\/p>\n<p><span> <\/span><\/p>\n<p><span> <\/span><\/p>\n<p><span> <\/span><\/p>\n<p><span> <\/span><\/p>\n<p><strong>F\u00fc\u00fcsika lahtine v\u00f5istlus <\/strong>28. november<\/p>\n<p><span> <\/span><\/p>\n<p><span> <\/span><\/p>\n<p>Janno J\u00f5ulu &#8211; II j\u00e4rk<\/p>\n<p><span> <\/span><\/p>\n<p><span> <\/span><\/p>\n<p>Kadi Liis Saar &#8211; III j\u00e4rk<\/p>\n<p><span> <\/span><\/p>\n<p><span> <\/span><\/p>\n<p><span> <\/span><\/p>\n<p><strong>Noorte MV jalgpallis<\/strong><\/p>\n<p><span> <\/span><\/p>\n<p>Kert P\u00fctsepp &#8211; kapten<\/p>\n<p><span> <\/span><\/p>\n<p><strong>Rahvusvaheline s\u00f5udeergomeetrite <\/strong><strong>v\u00f5istlus Alfa 2009<\/strong> 23. jaanuar<\/p>\n<p style=\"text-align: left\">Hans J\u00fcrgen Peda &#8211; 1. koht<\/p>\n<p><span> <\/span><\/p>\n<p style=\"text-align: left\"><span> <\/span><\/p>\n<p style=\"text-align: left\">Selene Gnadenteich &#8211; 3. koht<\/p>\n<p><strong>Tallinna koolinoorte meistriv\u00f5istlustel teateujumises <\/strong>12. veebruar<\/p>\n<p>Helen Liis &#8211; 3. koht<\/p>\n<p><strong>Informaatikaol\u00fcmpiaadi l\u00f5ppvoor <\/strong>13. veebruar<\/p>\n<p>Henri Molloka &#8211; 3. koht<\/p>\n<p><strong>F\u00fc\u00fcsikaol\u00fcmpiaadi l\u00f5ppvoor <\/strong>7. m\u00e4rts<\/p>\n<p>Kadi Liis Saar &#8211; 4. koht (II j\u00e4rk)<\/p>\n<p>Kert P\u00fctsepp &#8211; 6-7. koht (II j\u00e4rk)<\/p>\n<p>Ivar Kiitam &#8211; 8. koht (II j\u00e4rk)<\/p>\n<p><strong>Astronoomia lahtine v\u00f5istlus<\/strong> 7. m\u00e4rts<\/p>\n<p>Kadi Liis Saar &#8211; 4. koht<\/p>\n<p style=\"text-align: left\">\n<p><strong><br \/>\n<\/strong><br \/>\n<strong><br \/>\n<\/strong><br \/>\n<span> <\/span><\/p>\n<h1 style=\"text-align: left\"><span style=\"text-decoration: underline\">2008\/2009<\/span><\/h1>\n<p><strong><br \/>\n<\/strong><\/p>\n<p><span> <\/span><\/p>\n<p style=\"text-align: left\">\n<p style=\"text-align: left\"><strong>Rahvusvaheline astronoomiaol\u00fcmpiaad <\/strong>13.-21. oktoober, Itaalia<\/p>\n<p style=\"text-align: left\">Kadi Liis Saar &#8211; 3. koht<\/p>\n<p style=\"text-align: left\"><strong>F\u00fc\u00fcsikav\u00f5istlus \u201eEnergiline Energia\u201c <\/strong> 5. november<\/p>\n<p style=\"text-align: left\">Ivar Kiitam &#8211; 1. koht<\/p>\n<p style=\"text-align: left\">Kadi Liis Saar &#8211; 3. koht<\/p>\n<p style=\"text-align: left\"><strong>Matemaatikaol\u00fcmpiaad <\/strong>10.-13. november, Saksamaa<\/p>\n<p style=\"text-align: left\">Kadi Liis Saar &#8211; II auhind<\/p>\n<p style=\"text-align: left\">Janno J\u00f5ulu &#8211; III auhind<\/p>\n<p style=\"text-align: left\"><strong>F\u00fc\u00fcsika tippv\u00f5istlus <\/strong>17. november<\/p>\n<p style=\"text-align: left\">Janno J\u00f5ulu &#8211; 1. koht<\/p>\n<p style=\"text-align: left\"><strong>Informaatikaol\u00fcmpiaadi eelvoor <\/strong>6. detsember<\/p>\n<p style=\"text-align: left\">Henri Erilaid &#8211; 2. koht<\/p>\n<p style=\"text-align: left\">Henri Molloka &#8211; 3. koht<\/p>\n<p style=\"text-align: left\"><strong>Rahvusvaheline s\u00f5udeergomeetrite v\u00f5istlus Alfa 2009 <\/strong>17. jaanuar<\/p>\n<p style=\"text-align: left\">Selene Gnadenteich &#8211; 1. koht<\/p>\n<p style=\"text-align: left\"><strong>Emakeeleol\u00fcmpiaadi piirkonnavoor <\/strong>24. jaanuar<\/p>\n<p style=\"text-align: left\">Regina Metsallik &#8211; 6. koht<\/p>\n<p><strong>Informaatikaol\u00fcmpiaadi l\u00f5ppvoor <\/strong>14.-15. veebruar<strong><br \/>\n<\/strong><\/p>\n<p style=\"text-align: left\">Henri Erilaid &#8211; 4. koht<\/p>\n<p style=\"text-align: left\">Henri Molloka &#8211; 5. koht<\/p>\n<p style=\"text-align: left\"><strong>Eesti koolinoorte 56. f\u00fc\u00fcsikaol\u00fcmpiaad <\/strong>7. m\u00e4rts<\/p>\n<p style=\"text-align: left\">(*Sulgudes tulemus kogu g\u00fcmnaasiumi peale)<\/p>\n<p style=\"text-align: left\">Kadi Liis Saar &#8211; 1. koht (II j\u00e4rk &#8211; 5. koht)<\/p>\n<p style=\"text-align: left\">Janno J\u00f5ulu &#8211; 5. koht (22. koht)<\/p>\n<p style=\"text-align: left\">Ivar Kiitam &#8211; 7. koht (29. koht)<\/p>\n<p style=\"text-align: left\">Markus-Eerik Horma &#8211; 7. koht (29. koht)<\/p>\n<p style=\"text-align: left\">Kert P\u00fctsepp- 11. koht (42. koht)<\/p>\n<p style=\"text-align: left\">Helen Liis &#8211; 12. koht (45. koht)<\/p>\n<p><strong>\u00dcleriigiline lahtine astronoomiav\u00f5istlus <\/strong>8. m\u00e4rts<\/p>\n<p>Kadi Liis Saar &#8211; 4.koht<\/p>\n<p>Markus-Eerik Horma &#8211; 5. koht<\/p>\n<p>Hendri Molloka &#8211; 13.koht<\/p>\n<p>Priit Silm &#8211; 15.koht<\/p>\n<p style=\"text-align: left\"><strong>Eesti koolinoorte 56. keemiaol\u00fcmpiaad <\/strong>14.-15. m\u00e4rts<\/p>\n<p style=\"text-align: left\">Kert P\u00fctsepp &#8211; II j\u00e4rk &#8211; 4. koht<\/p>\n<p style=\"text-align: left\">Kadi Liis Saar &#8211; III j\u00e4rk &#8211; 7. koht<\/p>\n<p style=\"text-align: left\">Ivar Kiitam &#8211; 12. koht<\/p>\n<p style=\"text-align: left\">Helen Liis &#8211; 13. koht<\/p>\n<p style=\"text-align: left\">Annica Saaret &#8211; 18. koht<\/p>\n<p style=\"text-align: left\">Karl Puusepp &#8211; 22. koht<\/p>\n<p><strong>Euroopa Liidu loodusteaduste ol\u00fcmpiaad <\/strong>aprill 2009, Hispaania<\/p>\n<p>*V\u00f5isteldi kolmestes v\u00f5istkondades, lisatud on ka teiste v\u00f5istkonnakaaslaste nimed<\/p>\n<p>Kadi Liis Saar &#8211; kuldmedal\/\u00fcldarvestuses 5. koht<\/p>\n<p>(Uku-Laur Tali &#8211; Hugo Treffneri g\u00fcmnaasium, Erik Tamre &#8211; Tallinna Reaalkool, 9. klass)<\/p>\n<p>Kert P\u00fctsepp &#8211; pronksmedal\/\u00fcldarvestuses 21. koht<\/p>\n<p>(Eva-Lotta K\u00e4sper &#8211; Tartu Kivilinna g\u00fcmnaasium, Sander Siim &#8211; Tallinna Vanalinna hariduskolleegium)<\/p>\n<p><strong>Tallinna koolinoorte MV jalgpallis <\/strong>kevad 2009<\/p>\n<p>Kert P\u00fctsepp <strong>&#8211;<\/strong> 2. koht<\/p>\n<p><strong>Tallinna Koolinoorte MV kergej\u00f5ustikus <\/strong>kevad 2009<strong><br \/>\n<\/strong><\/p>\n<p>Kert P\u00fctsepp <strong>&#8211;<\/strong> 2. koht<\/p>\n<p>Kokkuv\u00f5ttes g\u00fcmnaasiumi osas III koht. Oma panuse andsid veel Kaspar Puksand, Henri Erilaid ja Selene Gnadenteich<\/p>\n<p><strong>41. rahvusvaheline <strong>keemiaol\u00fcmpiaad <\/strong><\/strong>18. &#8211; 27. juuli, Inglismaa<\/p>\n<p>Kadi Liis Saar &#8211; pronksmedal<\/p>\n<p style=\"text-align: left\">\n<p style=\"text-align: left\">\n","protected":false},"excerpt":{"rendered":"<p>Siia lehek\u00fcljele on plaanis kokku koguda meie klassi saavutused. Kui kellelgi on midagi lisada, andke ikka teada! \u00dcksk\u00f5ik, kas tegemist on siis rahvusvahelise ol\u00fcmpiaadi v\u00f5i kohaliku mudelautov\u00f5istlusega, k\u00f5ik sobib! 2010\/2011 F\u00fc\u00fcsika tippv\u00f5istlus 3. november Janno J\u00f5ulu &#8211; 3. koht Helen Liis &#8211; 4-5. koht Kert P\u00fctsepp &#8211; 7. koht Ivar Kiitam &#8211; 8-9. koht 2009\/2010 [&hellip;]<\/p>\n","protected":false},"author":1,"featured_media":0,"parent":0,"menu_order":0,"comment_status":"open","ping_status":"open","template":"","meta":{"footnotes":""},"class_list":["post-147","page","type-page","status-publish","hentry"],"_links":{"self":[{"href":"https:\/\/www.real.edu.ee\/ajaveeb\/arh126a\/wp-json\/wp\/v2\/pages\/147","targetHints":{"allow":["GET"]}}],"collection":[{"href":"https:\/\/www.real.edu.ee\/ajaveeb\/arh126a\/wp-json\/wp\/v2\/pages"}],"about":[{"href":"https:\/\/www.real.edu.ee\/ajaveeb\/arh126a\/wp-json\/wp\/v2\/types\/page"}],"author":[{"embeddable":true,"href":"https:\/\/www.real.edu.ee\/ajaveeb\/arh126a\/wp-json\/wp\/v2\/users\/1"}],"replies":[{"embeddable":true,"href":"https:\/\/www.real.edu.ee\/ajaveeb\/arh126a\/wp-json\/wp\/v2\/comments?post=147"}],"version-history":[{"count":0,"href":"https:\/\/www.real.edu.ee\/ajaveeb\/arh126a\/wp-json\/wp\/v2\/pages\/147\/revisions"}],"wp:attachment":[{"href":"https:\/\/www.real.edu.ee\/ajaveeb\/arh126a\/wp-json\/wp\/v2\/media?parent=147"}],"curies":[{"name":"wp","href":"https:\/\/api.w.org\/{rel}","templated":true}]}}