{"id":2,"date":"2018-09-18T10:45:48","date_gmt":"2018-09-18T07:45:48","guid":{"rendered":"http:\/\/www.real.edu.ee\/ajaveeb\/145b\/?page_id=2"},"modified":"2018-09-25T22:47:20","modified_gmt":"2018-09-25T19:47:20","slug":"demoleht","status":"publish","type":"page","link":"https:\/\/www.real.edu.ee\/ajaveeb\/145b\/?page_id=2","title":{"rendered":"\u00dcks k\u00f5ikide, k\u00f5ik \u00fche eest!"},"content":{"rendered":"<p>See on 1.b klassi netipesa ja siia on oodatud k\u00f5ik head m\u00f5tted ja pildid meie tegemistest.<\/p>\n","protected":false},"excerpt":{"rendered":"<p>See on 1.b klassi netipesa ja siia on oodatud k\u00f5ik head m\u00f5tted ja pildid meie tegemistest.<\/p>\n","protected":false},"author":1,"featured_media":0,"parent":0,"menu_order":0,"comment_status":"closed","ping_status":"open","template":"","meta":{"footnotes":""},"class_list":["post-2","page","type-page","status-publish","hentry"],"_links":{"self":[{"href":"https:\/\/www.real.edu.ee\/ajaveeb\/145b\/index.php?rest_route=\/wp\/v2\/pages\/2","targetHints":{"allow":["GET"]}}],"collection":[{"href":"https:\/\/www.real.edu.ee\/ajaveeb\/145b\/index.php?rest_route=\/wp\/v2\/pages"}],"about":[{"href":"https:\/\/www.real.edu.ee\/ajaveeb\/145b\/index.php?rest_route=\/wp\/v2\/types\/page"}],"author":[{"embeddable":true,"href":"https:\/\/www.real.edu.ee\/ajaveeb\/145b\/index.php?rest_route=\/wp\/v2\/users\/1"}],"replies":[{"embeddable":true,"href":"https:\/\/www.real.edu.ee\/ajaveeb\/145b\/index.php?rest_route=%2Fwp%2Fv2%2Fcomments&post=2"}],"version-history":[{"count":1,"href":"https:\/\/www.real.edu.ee\/ajaveeb\/145b\/index.php?rest_route=\/wp\/v2\/pages\/2\/revisions"}],"predecessor-version":[{"id":38,"href":"https:\/\/www.real.edu.ee\/ajaveeb\/145b\/index.php?rest_route=\/wp\/v2\/pages\/2\/revisions\/38"}],"wp:attachment":[{"href":"https:\/\/www.real.edu.ee\/ajaveeb\/145b\/index.php?rest_route=%2Fwp%2Fv2%2Fmedia&parent=2"}],"curies":[{"name":"wp","href":"https:\/\/api.w.org\/{rel}","templated":true}]}}