{"id":277,"date":"2014-10-12T16:20:25","date_gmt":"2014-10-12T13:20:25","guid":{"rendered":"http:\/\/www.real.edu.ee\/ajaveeb\/131b\/?page_id=277"},"modified":"2014-12-19T10:13:40","modified_gmt":"2014-12-19T08:13:40","slug":"tsitaadid","status":"publish","type":"page","link":"https:\/\/www.real.edu.ee\/ajaveeb\/131b\/tsitaadid\/","title":{"rendered":"Tsitaadid"},"content":{"rendered":"<p>Kristi Koit: &#8220;Mis on salap\u00e4ra?&#8221;<\/p>\n<p>\u00d5pilane: &#8220;Kui t\u00fcdruk kannab pushuppi, et siis sa ei tea, kas noh on v\u00f5i ei ole..&#8221;<\/p>\n<p>&nbsp;<\/p>\n<p>Kristi Koit: &#8220;Mis vahe on ihal ja unistusel?&#8221;<\/p>\n<p>\u00d5pilane: &#8220;Iha on selline r\u00e4pasem..&#8221;<\/p>\n<p>&nbsp;<\/p>\n<p>\u00d5pilane: &#8220;See koma tundub seal kuidagi imelik.&#8221;<\/p>\n<p>Kristi Koir: &#8220;Ega sa tundusid mulle ka esimesel kohtumisel aasta tagasi imelik.&#8221;<\/p>\n<p>&nbsp;<\/p>\n<p>\u00d5pilane, vaadates p\u00e4evikut: &#8220;Kas meil homseks midagi t\u00e4htsamat polnud teha kui ainult matemaatika?&#8221;<\/p>\n<p>&nbsp;<\/p>\n<p>Piret Karu: &#8220;Jaapanis kaod \u00f6\u00f6sel magamiskappi \u00e4ra ja hommikul tuled uuesti kapist v\u00e4lja.&#8221;<\/p>\n<p>&nbsp;<\/p>\n<p>Matemaatika arvestuse p\u00e4eval:<\/p>\n<p>Andres Talts: &#8220;Nii, kas on k\u00fcsimusi?&#8221;<\/p>\n<p>\u00d5pilane: &#8220;Kas nutta v\u00f5ib?&#8221;<\/p>\n<p>&nbsp;<\/p>\n<p>Tehnoloogia tunnis:<\/p>\n<p>Lektor: &#8220;Oi, mis meil n\u00fc\u00fcd siin toimub? Siin me n\u00e4eme, et&#8230;&#8221;<\/p>\n<p>\u00d5pilane: &#8220;..sama k\u00fcsimus, et mis siin toimub..&#8221;<\/p>\n<p>&nbsp;<\/p>\n<p>Heli Ahuna: &#8220;Dr\u00a0Guillotin oli humanistlik inimene, ta kannatas v\u00e4ga, sest tal olid giljotiinimasinaga head plaanid.&#8221;<\/p>\n<p>\u00d5pilane: &#8220;Head plaanid?! Mingi hea kapsast viilutada v\u00f5i?&#8221;<\/p>\n<p>&nbsp;<\/p>\n<p>Mart Kuurme (\u00f5pilane Juulile): &#8220;Praegu on j\u00f5ulud. J\u00f5uludel on oma kuu. Sul on ka oma kuu olemas? Juuli kuu on!&#8221;<\/p>\n<p>&nbsp;<\/p>\n<p>Martin Saar: &#8220;Tuleb radikaal, \u00fchelt poolt, vaba elektroniga.&#8221;<\/p>\n<p>&nbsp;<\/p>\n<p>Martin Saar: &#8220;Pole inimest, pole probleemi. Pole ainet, pole lagunemisreaktsiooni.&#8221;<\/p>\n<p>&nbsp;<\/p>\n<p>Martin Saar: &#8220;\u00dcks teine \u00f5pilane paralleelklassist kommenteeris, et ha-ha, \u00f5petaja joonistas tahvlile stringid ja siis ma m\u00f5tlesin, et n\u00e4ljane m\u00f5tleb ikka leivast.&#8221;<\/p>\n","protected":false},"excerpt":{"rendered":"<p>Kristi Koit: &#8220;Mis on salap\u00e4ra?&#8221; \u00d5pilane: &#8220;Kui t\u00fcdruk kannab pushuppi, et siis sa ei tea, kas noh on v\u00f5i ei ole..&#8221; &nbsp; Kristi Koit: &#8220;Mis vahe on ihal ja unistusel?&#8221; \u00d5pilane: &#8220;Iha on selline r\u00e4pasem..&#8221; &nbsp; \u00d5pilane: &#8220;See koma tundub seal kuidagi imelik.&#8221; Kristi Koir: &#8220;Ega sa tundusid mulle ka esimesel kohtumisel aasta tagasi imelik.&#8221; [&hellip;]<\/p>\n","protected":false},"author":70,"featured_media":0,"parent":0,"menu_order":0,"comment_status":"open","ping_status":"open","template":"","meta":{"footnotes":""},"class_list":["post-277","page","type-page","status-publish","hentry"],"_links":{"self":[{"href":"https:\/\/www.real.edu.ee\/ajaveeb\/131b\/wp-json\/wp\/v2\/pages\/277","targetHints":{"allow":["GET"]}}],"collection":[{"href":"https:\/\/www.real.edu.ee\/ajaveeb\/131b\/wp-json\/wp\/v2\/pages"}],"about":[{"href":"https:\/\/www.real.edu.ee\/ajaveeb\/131b\/wp-json\/wp\/v2\/types\/page"}],"author":[{"embeddable":true,"href":"https:\/\/www.real.edu.ee\/ajaveeb\/131b\/wp-json\/wp\/v2\/users\/70"}],"replies":[{"embeddable":true,"href":"https:\/\/www.real.edu.ee\/ajaveeb\/131b\/wp-json\/wp\/v2\/comments?post=277"}],"version-history":[{"count":3,"href":"https:\/\/www.real.edu.ee\/ajaveeb\/131b\/wp-json\/wp\/v2\/pages\/277\/revisions"}],"predecessor-version":[{"id":310,"href":"https:\/\/www.real.edu.ee\/ajaveeb\/131b\/wp-json\/wp\/v2\/pages\/277\/revisions\/310"}],"wp:attachment":[{"href":"https:\/\/www.real.edu.ee\/ajaveeb\/131b\/wp-json\/wp\/v2\/media?parent=277"}],"curies":[{"name":"wp","href":"https:\/\/api.w.org\/{rel}","templated":true}]}}

<p>Kristi Koit: &#8220;Mis on salapära?&#8221;</p>
<p>Õpilane: &#8220;Kui tüdruk kannab pushuppi, et siis sa ei tea, kas noh on või ei ole..&#8221;</p>
<p>&nbsp;</p>
<p>Kristi Koit: &#8220;Mis vahe on ihal ja unistusel?&#8221;</p>
<p>Õpilane: &#8220;Iha on selline räpasem..&#8221;</p>
<p>&nbsp;</p>
<p>Õpilane: &#8220;See koma tundub seal kuidagi imelik.&#8221;</p>
<p>Kristi Koir: &#8220;Ega sa tundusid mulle ka esimesel kohtumisel aasta tagasi imelik.&#8221;</p>
<p>&nbsp;</p>
<p>Õpilane, vaadates päevikut: &#8220;Kas meil homseks midagi tähtsamat polnud teha kui ainult matemaatika?&#8221;</p>
<p>&nbsp;</p>
<p>Piret Karu: &#8220;Jaapanis kaod öösel magamiskappi ära ja hommikul tuled uuesti kapist välja.&#8221;</p>
<p>&nbsp;</p>
<p>Matemaatika arvestuse päeval:</p>
<p>Andres Talts: &#8220;Nii, kas on küsimusi?&#8221;</p>
<p>Õpilane: &#8220;Kas nutta võib?&#8221;</p>
<p>&nbsp;</p>
<p>Tehnoloogia tunnis:</p>
<p>Lektor: &#8220;Oi, mis meil nüüd siin toimub? Siin me näeme, et&#8230;&#8221;</p>
<p>Õpilane: &#8220;..sama küsimus, et mis siin toimub..&#8221;</p>
<p>&nbsp;</p>
<p>Heli Ahuna: &#8220;Dr Guillotin oli humanistlik inimene, ta kannatas väga, sest tal olid giljotiinimasinaga head plaanid.&#8221;</p>
<p>Õpilane: &#8220;Head plaanid?! Mingi hea kapsast viilutada või?&#8221;</p>
<p>&nbsp;</p>
<p>Mart Kuurme (õpilane Juulile): &#8220;Praegu on jõulud. Jõuludel on oma kuu. Sul on ka oma kuu olemas? Juuli kuu on!&#8221;</p>
<p>&nbsp;</p>
<p>Martin Saar: &#8220;Tuleb radikaal, ühelt poolt, vaba elektroniga.&#8221;</p>
<p>&nbsp;</p>
<p>Martin Saar: &#8220;Pole inimest, pole probleemi. Pole ainet, pole lagunemisreaktsiooni.&#8221;</p>
<p>&nbsp;</p>
<p>Martin Saar: &#8220;Üks teine õpilane paralleelklassist kommenteeris, et ha-ha, õpetaja joonistas tahvlile stringid ja siis ma mõtlesin, et näljane mõtleb ikka leivast.&#8221;</p>

<p>Kristi Koit: &#8220;Mis on salapära?&#8221; Õpilane: &#8220;Kui tüdruk kannab pushuppi, et siis sa ei tea, kas noh on või ei ole..&#8221; &nbsp; Kristi Koit: &#8220;Mis vahe on ihal ja unistusel?&#8221; Õpilane: &#8220;Iha on selline räpasem..&#8221; &nbsp; Õpilane: &#8220;See koma tundub seal kuidagi imelik.&#8221; Kristi Koir: &#8220;Ega sa tundusid mulle ka esimesel kohtumisel aasta tagasi imelik.&#8221; [&hellip;]</p>
