{"id":271,"date":"2014-08-22T18:11:09","date_gmt":"2014-08-22T18:11:09","guid":{"rendered":"http:\/\/www.real.edu.ee\/ajaveeb\/129a\/?page_id=271"},"modified":"2014-08-22T18:17:43","modified_gmt":"2014-08-22T18:17:43","slug":"kalender-taltsad-poisid","status":"publish","type":"page","link":"https:\/\/www.real.edu.ee\/ajaveeb\/129a\/kalender-taltsad-poisid\/","title":{"rendered":"Kalender &#8220;Taltsad Poisid&#8221;"},"content":{"rendered":"<p><span style=\"color: #000000\">V\u00f5tsime kamba 129a kutte kokku ja tegime klassijuhataja Andresele (ja ka k\u00f5igile klassi\u00f5dedele) s\u00fcnnip\u00e4evakingiks 2015. aasta kalendri.<\/span><\/p>\n<p><a href=\"http:\/\/www.real.edu.ee\/ajaveeb\/129a\/files\/2014\/08\/Pilt-8220007.jpg\"><img loading=\"lazy\" decoding=\"async\" class=\"alignnone wp-image-260\" src=\"http:\/\/www.real.edu.ee\/ajaveeb\/129a\/files\/2014\/08\/Pilt-8220007-1024x410.jpg\" alt=\"OLYMPUS DIGITAL CAMERA\" width=\"500\" height=\"201\" srcset=\"https:\/\/www.real.edu.ee\/ajaveeb\/129a\/files\/2014\/08\/Pilt-8220007-1024x410.jpg 1024w, https:\/\/www.real.edu.ee\/ajaveeb\/129a\/files\/2014\/08\/Pilt-8220007-300x120.jpg 300w\" sizes=\"auto, (max-width: 500px) 100vw, 500px\" \/><\/a><\/p>\n<p>&nbsp;<\/p>\n<p>Taltsate Poiste tegemistel saab silma peal hoida ka meie <a href=\"https:\/\/www.facebook.com\/TaltsadPoisid\">Facebooki f\u00e4nnilehel<\/a><\/p>\n<p style=\"color: #000000\">\u00dchtki head asja ei saa ainult endale hoida ning seep\u00e4rast on igal huvilisel v\u00f5imalik soetada ka omale kalender \u201cTaltsad Poisid\u201d.<\/p>\n<p style=\"color: #000000\">Kalender maksab 6\u20ac ning tellimused esitada meiliaadressile\u00a0<a style=\"color: #6e8196\" href=\"mailto:taltsadpoisid@gmail.com\">taltsadpoisid@gmail.com<\/a><\/p>\n<p style=\"color: #000000\">Teie Taltsad Poisid<\/p>\n","protected":false},"excerpt":{"rendered":"<p>V\u00f5tsime kamba 129a kutte kokku ja tegime klassijuhataja Andresele (ja ka k\u00f5igile klassi\u00f5dedele) s\u00fcnnip\u00e4evakingiks 2015. aasta kalendri. &nbsp; Taltsate Poiste tegemistel saab silma peal hoida ka meie Facebooki f\u00e4nnilehel \u00dchtki head asja ei saa ainult endale hoida ning seep\u00e4rast on igal huvilisel v\u00f5imalik soetada ka omale kalender \u201cTaltsad Poisid\u201d. Kalender maksab 6\u20ac ning tellimused esitada [&hellip;]<\/p>\n","protected":false},"author":54,"featured_media":0,"parent":0,"menu_order":0,"comment_status":"closed","ping_status":"open","template":"","meta":{"footnotes":""},"class_list":["post-271","page","type-page","status-publish","hentry"],"_links":{"self":[{"href":"https:\/\/www.real.edu.ee\/ajaveeb\/129a\/wp-json\/wp\/v2\/pages\/271","targetHints":{"allow":["GET"]}}],"collection":[{"href":"https:\/\/www.real.edu.ee\/ajaveeb\/129a\/wp-json\/wp\/v2\/pages"}],"about":[{"href":"https:\/\/www.real.edu.ee\/ajaveeb\/129a\/wp-json\/wp\/v2\/types\/page"}],"author":[{"embeddable":true,"href":"https:\/\/www.real.edu.ee\/ajaveeb\/129a\/wp-json\/wp\/v2\/users\/54"}],"replies":[{"embeddable":true,"href":"https:\/\/www.real.edu.ee\/ajaveeb\/129a\/wp-json\/wp\/v2\/comments?post=271"}],"version-history":[{"count":5,"href":"https:\/\/www.real.edu.ee\/ajaveeb\/129a\/wp-json\/wp\/v2\/pages\/271\/revisions"}],"predecessor-version":[{"id":276,"href":"https:\/\/www.real.edu.ee\/ajaveeb\/129a\/wp-json\/wp\/v2\/pages\/271\/revisions\/276"}],"wp:attachment":[{"href":"https:\/\/www.real.edu.ee\/ajaveeb\/129a\/wp-json\/wp\/v2\/media?parent=271"}],"curies":[{"name":"wp","href":"https:\/\/api.w.org\/{rel}","templated":true}]}}