{"id":6,"date":"2007-10-08T23:43:15","date_gmt":"2007-10-08T20:43:15","guid":{"rendered":"http:\/\/real.edu.ee\/~125b\/info\/"},"modified":"2007-10-08T23:43:15","modified_gmt":"2007-10-08T20:43:15","slug":"meist","status":"publish","type":"page","link":"https:\/\/www.real.edu.ee\/ajaveeb\/125b\/meist\/","title":{"rendered":"Meist"},"content":{"rendered":"<h3>Meie klassist. Kuidas me kokku sattusime?<\/h3>\n<p>Reaalkooli 125. lennu \u00f5pilased valiti, nagu ikka, v\u00e4lja katsete ja ol\u00fcmpiaadide tulemuste p\u00f5hjal. Meie lendu tuli kokku rahvast \u00fcle kogu Eesti. Nagu reaalkoolile kohane, on k\u00f5ik kolm klassi reaalkallakuga. Kuid lisaks said \u00f5pilased v\u00f5tta ka \u00fche valikaine. Niimoodi sattusidki B klassi, suure noormeeste enamusega, kokku need, kes valisid omale lisaaineks programmerimise v\u00f5i majanduse. Meie v\u00e4gesid hakkas aga juhtima klassijuhataja Malle Kask.<\/p>\n<p>B klassis k\u00e4ib v\u00e4ga varieeruv rahvas. M\u00f5ni on l\u00e4rmakas, m\u00f5ni aga vaikne. K\u00f5igil on erinevad hobid alustades Tai Chi-st ja rahvatantsust, l\u00f5petades maalimise ja kabega. Kuid usun, et meid k\u00f5iki \u00fchendab v\u00e4hemasti teatav soov uusi asju \u00f5ppida ja (enamasti) s\u00f5bralik huumor, mis on v\u00e4ga oluline, sest mis oleks t\u00f6\u00f6 ilma l\u00f5buta.<\/p>\n<p><em><span style=\"color: #800000\">Anni, oktoober 2007<\/span><\/em><\/p>\n<p style=\"text-align: center\"><a href=\"http:\/\/www.real.edu.ee\/ajaveeb\/125b\/files\/2009\/11\/klassipilt3.jpg\"><img loading=\"lazy\" decoding=\"async\" class=\"aligncenter size-thumbnail wp-image-358\" src=\"http:\/\/www.real.edu.ee\/ajaveeb\/125b\/files\/2009\/11\/klassipilt3.jpg\" alt=\"\" width=\"256\" height=\"158\" \/><\/a><\/p>\n<p style=\"text-align: center\">12 B<\/p>\n<p style=\"text-align: center\"><a href=\"http:\/\/www.real.edu.ee\/ajaveeb\/125b\/files\/2008\/10\/klassipilt.jpg\"><img loading=\"lazy\" decoding=\"async\" class=\"aligncenter size-thumbnail wp-image-358\" src=\"http:\/\/www.real.edu.ee\/ajaveeb\/125b\/files\/2008\/10\/klassipilt.jpg\" alt=\"\" width=\"256\" height=\"158\" srcset=\"https:\/\/www.real.edu.ee\/ajaveeb\/125b\/files\/2008\/10\/klassipilt.jpg 1315w, https:\/\/www.real.edu.ee\/ajaveeb\/125b\/files\/2008\/10\/klassipilt-300x185.jpg 300w, https:\/\/www.real.edu.ee\/ajaveeb\/125b\/files\/2008\/10\/klassipilt-1024x631.jpg 1024w, https:\/\/www.real.edu.ee\/ajaveeb\/125b\/files\/2008\/10\/klassipilt-486x300.jpg 486w\" sizes=\"auto, (max-width: 256px) 100vw, 256px\" \/><\/a><\/p>\n<p style=\"text-align: center\">11 B<\/p>\n<p style=\"text-align: center\"><a href=\"http:\/\/www.real.edu.ee\/ajaveeb\/125b\/files\/2008\/10\/klassipilt2.jpg\"><img loading=\"lazy\" decoding=\"async\" class=\"aligncenter size-thumbnail wp-image-361\" src=\"http:\/\/www.real.edu.ee\/ajaveeb\/125b\/files\/2008\/10\/klassipilt2.jpg\" alt=\"\" width=\"256\" height=\"158\" srcset=\"https:\/\/www.real.edu.ee\/ajaveeb\/125b\/files\/2008\/10\/klassipilt2.jpg 1315w, https:\/\/www.real.edu.ee\/ajaveeb\/125b\/files\/2008\/10\/klassipilt2-300x185.jpg 300w, https:\/\/www.real.edu.ee\/ajaveeb\/125b\/files\/2008\/10\/klassipilt2-1024x632.jpg 1024w, https:\/\/www.real.edu.ee\/ajaveeb\/125b\/files\/2008\/10\/klassipilt2-485x300.jpg 485w\" sizes=\"auto, (max-width: 256px) 100vw, 256px\" \/><\/a><\/p>\n<p style=\"text-align: center\">10 B<\/p>\n<h3>Missuguse klassi ma sain?<\/h3>\n<p><span style=\"color: #ff0000\">Esmapilgul <\/span><span style=\"color: #99cc00\">v\u00e4ljast<\/span> <span style=\"color: #800000\">siiru<\/span>&#8211;<span style=\"color: #3366ff\">viirulise<\/span>. Olete kokku tulnud 15 erinevast koolist: p\u00f5liseid reaalikaid on 20, \u00fclej\u00e4\u00e4nud on Pirita Majandusg\u00fcmnaasiumist,Tallinna 21. Koolist,Tallinna Inglise Kolled\u017eist, Gustav Adolfi G\u00fcmnaasiumist,Tallinna 32. Keskkoolist, Tallinna Tehnikag\u00fcmnaasiumist, Viimsi Keskkoolist, Tallinna \u00dchisg\u00fcmnaasiumist, Rocca al Mare Koolist, Tallinna Rahum\u00e4e P\u00f5hikoolist ja 4 koguni v\u00e4ljaspoolt Tallinnat:Tamsalu G\u00fcmnaasiumist,Rapla \u00dchisg\u00fcmnaasiumist, Emmaste P\u00f5hikoolist, Hagudi P\u00f5hikoolist.<br \/>\n<span style=\"text-decoration: underline\">Minu esimene m\u00f5te<\/span>: miks nii v\u00e4he t\u00fcdrukuid? Ja nii palju poisse sarnase nimekombinatsiooniga? Millal ma need k\u00fcll k\u00f5ik meelde j\u00e4tan? Kas t\u00f5esti ei saanud neid valikaineid kuidagi teisiti kombineerida, et poiste-t\u00fcdrukute arv tasakaalus oleks olnud? ( n\u00fc\u00fcd juba tean- hea, et ei saanud!).<br \/>\n<span style=\"text-decoration: underline\">Minu esimene mulje<\/span>: k\u00f5ik on r\u00f5\u00f5msad ja stressivabad(!?). Ja tundub, et koost\u00f6\u00f6aldis. K\u00f5ige t\u00e4htsam &#8211; keegi ei virise ega vingu.<br \/>\nH\u00e4mmastav, kui ruttu te omavahel tutvust sobitasite ja klassi sisse elasite. Kindlasti aitas siin kaasa teie positiivne avatud hoiak, heatahtlikkus, uudishimu ja see, et olite ju ise selle kooli vabatahtlikult valinud.<br \/>\nIlusad siiru-viirulised olete ka oma huvialade ja hobidega: esindatud on nii kunst, muusika , tants kui ka sport, arvutitest r\u00e4\u00e4kimata!<\/p>\n<p><span style=\"color: #ff9900\">Kas seest kullakarvaline? <\/span>Kuigi praegu on seda veel vara \u00f6elda, loodan k\u00fcll v\u00e4ga. Praeguseks olete ennast n\u00e4idanud usinate ja \u00f5pihimulistena- esimesed v\u00e4ljapandud perioodihinded on k\u00f5ik positiivsed ja <span style=\"color: #ff9900\">Rital<\/span>, <span style=\"color: #ff9900\">Ardol<\/span>, <span style=\"color: #ff9900\">Mihklil<\/span>, <span style=\"color: #ff9900\">M\u00e4rdil(B)<\/span>, <span style=\"color: #ff9900\">Kristjan Eerikul<\/span>, <span style=\"color: #ff9900\">T\u00f5nisel<\/span>, <span style=\"color: #ff9900\">Hendrikul<\/span>, <span style=\"color: #ff9900\">Heikol<\/span>, <span style=\"color: #ff9900\">Annil<\/span>, <span style=\"color: #ff9900\">Tarmol<\/span>, <span style=\"color: #ff9900\">Tanelil<\/span>, <span style=\"color: #ff9900\">Helisel<\/span>, <span style=\"color: #ff9900\">Edvardil<\/span>, <span style=\"color: #ff9900\">Andrusel<\/span>, <span style=\"color: #ff9900\">Kaileenil<\/span>, ja <span style=\"color: #ff9900\">Andrel<\/span> hinded neljad-viied, neist <span style=\"color: #ff6600\">Kristjan Eerikul<\/span>, <span style=\"color: #ff6600\">Tanelil<\/span>, <span style=\"color: #ff6600\">Kaileenil<\/span> ja <span style=\"color: #ff6600\">Andrel<\/span> vaid 1-2 nelja viite hulgas! Palju on ka neid, kellel perioodihinnetesse eksinud vaid m\u00f5ni \u00fcksik kolm, k\u00fcllap see seis j\u00e4rgmisel poolaastal paraneb. Igatahes &#8211; tubli saavutus!Kiidan ka k\u00f5iki neid, kes erinevates ainetes ol\u00fcmpiaadide piirkondlikku vooru p\u00e4\u00e4sesid.<br \/>\nH\u00e4sti vahvatena n\u00e4itasite ennast inglisekeelsete n\u00e4idendite lavastamisel. N\u00e4gin teie hulgas heade ideedega andekaid kirjutajaid &#8211; eelk\u00f5ige <span style=\"color: #800000\">Andre<\/span>, aga ka <span style=\"color: #800000\">Ardo<\/span> ja <span style=\"color: #800000\">Morten<\/span>, v\u00e4ga h\u00e4id n\u00e4itlejaid &#8211; <span style=\"color: #800000\">Andrus<\/span>, <span style=\"color: #800000\">Kaileen<\/span>, <span style=\"color: #800000\">Gustav<\/span>, <span style=\"color: #800000\">Ardo<\/span>, <span style=\"color: #800000\">Erko<\/span>, <span style=\"color: #800000\">Harri<\/span>, <span style=\"color: #800000\">Henrik<\/span>&#8211; tegelikult peaksin siin k\u00f5ik \u00e4ra mainima, kes kaasa l\u00f5id nii n\u00e4itlejate kui nutikate kost\u00fcmeerijate ja rekvisiitoritena. Tore, et k\u00f5ik oma \u00fclesannet t\u00e4itsid ja teisi alt ei vedanud.<br \/>\nH\u00e4sti meeldiv oli ka ( pea-aegu) terve klassi osalemine rabamatkal laulu esitamisel ja j\u00f5ulupeo balletis.<br \/>\n<span style=\"color: #ff0000\">Aga k\u00f5ige t\u00e4htsam <\/span>on see, et olete toredad inimesed: s\u00f5napidajad , s\u00f5bralikud, viisakad, abivalmis, kohusetundlikud. Selle eest ait\u00e4h teie vanematele.<br \/>\nT\u00e4nan m\u00f5lemat klassivanemat &#8211; <span style=\"color: #008000\">Annemary<\/span> <span style=\"color: #000000\">ja<\/span> <span style=\"color: #008000\">Gustavit<\/span>&#8211; hea t\u00f6\u00f6 eest klassi \u00fchtseks koondamisel. Ja kiidan klassi, kes oma valitud liidreid on respekteerinud &#8211; ainult nii saabki kollektiiv toimida. Klassi kodulehe ellukutsumise ja elushoidmise eest kiidan <span style=\"color: #008000\">Erkot,<\/span> <span style=\"color: #008000\">Annit <\/span><span style=\"color: #000000\">( v\u00e4ga-v\u00e4ga kohusetundlik, sinu peale saab kindel olla!)<\/span> ja <span style=\"color: #008000\">Andret<\/span>, kes viimasel ajal on nii siin kui ka \u00fcldse klassi asjus toredalt aktiivseks muutunud. T\u00e4nan k\u00f5iki neid, kellega mul on olnud meeldiv suhelda!<\/p>\n<p>K\u00e4itumise hinnetest: need v\u00e4ga k\u00f5rged hinded on enamasti auga v\u00e4lja teenitud. Siiski, m\u00f5ned teist peavad v\u00f5tma seda kui avanssi ja j\u00f5ulukingitust. Ja kahju k\u00fcll, kui ta edaspidi m\u00f5ne puhul vaid minu meeletesegatusega p\u00f5hjendatud on.<\/p>\n<p>Ja m\u00f5elda vaid &#8211; viimasel hetkel oleksin selle klassi pea-aegu \u00fche teise klassi vastu v\u00e4lja vahetanud!<\/p>\n<p><span style=\"color: #800000\"><em>klassijuhataja<\/em> <em>Malle, 31. detsember 2007<br \/>\n<\/em><\/span><\/p>\n<p><a href=\"http:\/\/real.edu.ee\/~125b\/meist\/icetonia\/\">Icetonia projekt<\/a><\/p>\n","protected":false},"excerpt":{"rendered":"<p>Meie klassist. Kuidas me kokku sattusime? Reaalkooli 125. lennu \u00f5pilased valiti, nagu ikka, v\u00e4lja katsete ja ol\u00fcmpiaadide tulemuste p\u00f5hjal. Meie lendu tuli kokku rahvast \u00fcle kogu Eesti. Nagu reaalkoolile kohane, on k\u00f5ik kolm klassi reaalkallakuga. Kuid lisaks said \u00f5pilased v\u00f5tta ka \u00fche valikaine. Niimoodi sattusidki B klassi, suure noormeeste enamusega, kokku need, kes valisid omale [&hellip;]<\/p>\n","protected":false},"author":1,"featured_media":0,"parent":0,"menu_order":0,"comment_status":"open","ping_status":"open","template":"","meta":{"footnotes":""},"class_list":["post-6","page","type-page","status-publish","hentry"],"_links":{"self":[{"href":"https:\/\/www.real.edu.ee\/ajaveeb\/125b\/wp-json\/wp\/v2\/pages\/6","targetHints":{"allow":["GET"]}}],"collection":[{"href":"https:\/\/www.real.edu.ee\/ajaveeb\/125b\/wp-json\/wp\/v2\/pages"}],"about":[{"href":"https:\/\/www.real.edu.ee\/ajaveeb\/125b\/wp-json\/wp\/v2\/types\/page"}],"author":[{"embeddable":true,"href":"https:\/\/www.real.edu.ee\/ajaveeb\/125b\/wp-json\/wp\/v2\/users\/1"}],"replies":[{"embeddable":true,"href":"https:\/\/www.real.edu.ee\/ajaveeb\/125b\/wp-json\/wp\/v2\/comments?post=6"}],"version-history":[{"count":0,"href":"https:\/\/www.real.edu.ee\/ajaveeb\/125b\/wp-json\/wp\/v2\/pages\/6\/revisions"}],"wp:attachment":[{"href":"https:\/\/www.real.edu.ee\/ajaveeb\/125b\/wp-json\/wp\/v2\/media?parent=6"}],"curies":[{"name":"wp","href":"https:\/\/api.w.org\/{rel}","templated":true}]}}