{"id":130,"date":"2008-03-04T23:19:21","date_gmt":"2008-03-04T21:19:21","guid":{"rendered":"http:\/\/real.edu.ee\/~125b\/iseloomustused\/"},"modified":"2008-03-04T23:19:21","modified_gmt":"2008-03-04T21:19:21","slug":"iseloomustused","status":"publish","type":"page","link":"https:\/\/www.real.edu.ee\/ajaveeb\/125b\/iseloomustused\/","title":{"rendered":"Iseloomustused"},"content":{"rendered":"<p><a title=\"Google meie klassi kohta\" href=\"http:\/\/real.edu.ee\/~125b\/iseloomustused\/google-meie-klassi-kohta\/\">Google meie klassi kohta<\/a><\/p>\n<p><a title=\"2008. aasta iseloomustused\" href=\"http:\/\/real.edu.ee\/~125b\/iseloomustused\/iseloomustused-2008\/\">2008. aasta iseloomustused<\/a><\/p>\n<p><a title=\"2009. aasta iseloomustused\" href=\"http:\/\/real.edu.ee\/~125b\/iseloomustused\/iseloomustused-2009\/\">2009. aasta iseloomustused<\/a><\/p>\n<h3>Rita \u201cStiilne\u201d Aedla<\/h3>\n<p>EM 2010 uisustaar. Kolm \u00fches: t\u00f6\u00f6kas, tark ja k\u00f5ige stiilsem \u2013 v\u00e4rske iga p\u00e4ev. Veidi tagasihoidlik kuid alati l\u00f5bus, s\u00fcdamlik ning kena klassi\u00f5de, kes hoolitseb, et poleks k\u00f5rvalej\u00e4etuid. Kui \u00fcldse keegi, siis teab tema, mis koolis parasjagu teoksil on. Aastal 2025: Edwarti hambaarstist abikaasa.<\/p>\n<h3>Ardo \u201cMaailma pikim k\u00e4\u00e4bus\u201d Allik<\/h3>\n<p>K\u00f5ige aktiivsem poiss, kes r\u00e4\u00e4gib kogu kehaga. Avaldab alati oma arvamust, seet\u00f5ttu ka \u00f5petajate \u201elemmik\u201c. Kui midagi teeb, siis p\u00f5hjalikult. Kunagi ei saa p\u00e4ris kindel olla, kas see mis ta \u00fctleb oli nali, v\u00f5i m\u00f5tles ta seda t\u00f5siselt. Aastal 2025: lastesaate juht.<\/p>\n<h3>Mihkel \u201cVarajane\u201d Auv\u00e4\u00e4rt<\/h3>\n<p>Neutraalne klassivend, kes p\u00f5hiliselt paistab silma oma vinge suure iPhone\u2019ga \u2013 see tundub olevat lausa osake tema olemusest. Armastab burkse. Toetab Ilvest, teeb arvutim\u00e4nge, tegeleb kergej\u00f5ustikuga ja veedab aega garderoobis. Vahel langeb oma egotsentrilisuse ohvriks. Aastal 1825: m\u00fc\u00fcs turul apple\u2019eid.<\/p>\n<h3>M\u00e4rt \u201cEnchantment?\u201d Bakhoff<\/h3>\n<p>V\u00e4ga omap\u00e4rane t\u00fc\u00fcp. Teab, mis tahab. Linuxi freak, hea huumorimeelega, f\u00fc\u00fcsikas p\u00f5hiteema \u201eLiero\u201c, aga ega tal f\u00fc\u00fcsikatunnis midagi paremat teha ei olekski. K\u00f5ikidel blondiinidel aitab f\u00fc\u00fcsikapraktikumi t\u00f6\u00f6d \u00e4ra teha. Raamatute puhul peab oluliseks eelk\u00f5ige paksust. Aastal 2025: f\u00fc\u00fcsik, kompileerib oma uut kernelit.<\/p>\n<h3>T\u00f5nis \u201cMuskel\u201d Hansberg<\/h3>\n<p>Vaikne j\u00f5usaalipoiss. N\u00e4ib tihti tunnis tukkuvat, kuid \u00f5petajate k\u00fcsimustele siiski vastuseid teab. Tegelikult hoiab ta lihtsalt koolis energiat kokku \u00f5htuseks biitsepsitreeninguks. Aktsiaturu jaoks pisut liiga kannatamatu. Jutud juustega T\u00f5nisest on t\u00f5en\u00e4oliselt ainult m\u00fc\u00fct. Aastal 2025: superstaaride eratreener.<\/p>\n<h3>Erik \u201cOli-siin\u201d Ilbis<\/h3>\n<p>Kunagi ei tea, kuidas ta v\u00f5ib reageerida, kuid kindlasti v\u00e4ljendab oma tundeid elava miimika abil. Hobideks keemia ja arvutid; Windowsi f\u00e4nn \u2013 suudab isegi Vistas h\u00e4id k\u00fclgi n\u00e4ha. Puhveti p\u00fcsiklient. Aastal 2025: on olnud igal pool, p\u00f5hit\u00f6\u00f6ks V\u00e4lisministeeriumi Eesti-Vene osakonna juhatamine.<\/p>\n<h3>J\u00fcrgen \u201cOi-kes-koolis-on\u201d J\u00e4nese<\/h3>\n<p>Kunagi ei oska arvata, millal v\u00f5i kas ta koolis on, tihti on ka poole p\u00e4eva pealt vaja trenni minna. Ainus, kellel hilinemise peale viltu ei vaadata. Imep\u00e4raselt suudab siiski k\u00f5ik vajaliku \u00e4ra teha, ka korralikult pidutseda. Aastal 2025: on toonud Eestile ol\u00fcmpiakulla ujumises, kuid peale v\u00f5itu j\u00e4lle teadmata suunas kadunud.<\/p>\n<h3>Kristjan \u201cTibens\u201d J\u00e4rvan<\/h3>\n<p>Kampaniilide isand. Teab aukartust\u00e4ratavalt palju saladusi. Tema kohalolek ja kohati uskumatud jutud tekitavad diskussiooni veel mitu p\u00e4eva hiljemgi. F\u00fc\u00fcsikaklassi \u00e4rimees v\u00f5i siis \u00e4riklassi f\u00fc\u00fcsikamees. Suurep\u00e4rane jazziartist. Aastal 2025: kuulus lotomiljon\u00e4rist insener, abielus rikka naisega.<\/p>\n<h3>Karol \u201cLammas\u201d Kadarik<\/h3>\n<p>Meie klassi k\u00f5ige hulljulgeim poiss, 50 kr eest teeb k\u00f5ike (loe: K\u00d5IKE). Ajaloo halvim spikerdaja. Ei salli merit\u00e4hti. Ebatavaliselt aldis kehavigastustele, mis sealjuures ei paista teda eriti h\u00e4irivat. L\u00f5puks saab ta ikkagi rikkaks ja s\u00f5idab kooli kokkutulekule kalli sportautoga. Aastal 2025: pangajuhataja.<\/p>\n<h3>Hendrik Otto \u201cTeemees\u201d Kaju<\/h3>\n<p>Eriliseks talendiks on teha \u00fcht n\u00e4gu ning r\u00e4\u00e4kida hoopis teistsugustest asjadest. Tundides tegeleb m\u00e4lu treenimise v\u00f5i magamisega. Kaardimeister. Satub segadusse kui keegi Henriku poole p\u00f6\u00f6rdub. Aastal 2025: j\u00e4tkab juba alustatud karj\u00e4\u00e4ri Eesti filmimaastikul.<\/p>\n<h3>Heiko \u201cUksed lahti\u201d Kase<\/h3>\n<p>Alati abivalmis ning viisakas. Hoiab \u00fcsna madalat profiili ning filosofeerib surma ja suremise \u00fcle. Bioloogiahuviline, kes ei kannata, kui keegi tema ukse hoidmise ametit himustab. Aastal 2025: peab ETV-s p\u00fchap\u00e4eva hommikutel Islandi-teemalisi illustreerivate animeklippidega loenguid, vabal ajal palgam\u00f5rtsukas.<\/p>\n<h3>Kristjan Eerik \u201cBree\u201d Kaseniit<\/h3>\n<p>Rohkete faasinihetega. Kardab t\u00e4iega k\u00f5di ning selle t\u00f5ttu kiljub nagu 11-aastane t\u00fcdruk. Intelligentne ja otsekohene IT-mees. 24\/7 positiivne. Meeldib n\u00e4idelda, ka naisosades. \u00c4\u00e4rmiselt isikup\u00e4raste ideede ning p\u00f5him\u00f5tetega, mis kindlasti kunagi l\u00e4bi l\u00f6\u00f6vad. Salanudist. Aastal 2025: eesti rahvusp\u00e4rimuse eest seisja.<\/p>\n<h3>Gustav \u201cUstav\u201d Kotkas<\/h3>\n<p>K\u00f5igi s\u00f5ber ja t\u00fcdrukute s\u00fcdameid vallutav muhe linnastunud maamees. Pole p\u00e4eva, kus ei leiaks Gustavi suurep\u00e4rase jumega n\u00e4olt naeratust. Klassi meeskonnavaim ja Hiiumaa lahedaim sportlane. Aastal 2025: maailmakuulus kirurg, kel p\u00fchap\u00e4evahobiks lehmakasvatamine.<\/p>\n<h3>Karl Erik \u201cPidu-pidu-pidu\u201d Kotkas<\/h3>\n<p>Heas\u00fcdamlik naljamees. Teeb sporti ja ajab oma rida. Kui kuskil on m\u00f5ni pidu, siis Karl on kindlasti kohal. L\u00e4bi saab just nendega, kellega parajasti l\u00e4bi saada on vaja. Mobiilse Interneti parim s\u00f5ber. Isegi kui k\u00f5ik on p***s, on ikka r\u00f5\u00f5mus. Aastal 2025: tuntud modell.<\/p>\n<h3>Helin \u201cH\u00e4belikkusastmesk\u00fcmme\u201d K\u00fctt<\/h3>\n<p>Meie klassi suurim saladus. Helin on neutraalne inimene, kellel pole midagi kellegi vastu ja kelle vastu ei ole kellegi midagi. On asjade ajamiseks arendanud v\u00e4lja t\u00e4iesti omad meetodid. Ebakindlus v\u00f5ib k\u00fcll olla tema suurimaks vaenlaseks, kuid v\u00e4ljakutseid \u00fcletab selgete sihtidega. Aastal 2025: See on saladus!!!<\/p>\n<h3>Anni \u201cV\u00e4ike p\u00e4ike\u201d Lember<\/h3>\n<p>K\u00f5ige isikup\u00e4rasem klassi\u00f5de, keda k\u00f5ik armastavad. V\u00f5rratu neiu. Ei tundu teadvat, mis on negatiivsus. Alati naeratab kaunilt, tundub, et ei vihka midagi ega kedagi. Aastal 2025: maailma parim ema ja raamatukohviku omanik.<\/p>\n<h3>Stefani \u201cEnchantment!\u201d Liivak<\/h3>\n<p>Ettearvamatu, mitmek\u00fclgne, omap\u00e4rane, \u00fcber lahe. T\u00f5eliselt armas klassi\u00f5de, kes (kui ta kohale juhtub ilmuma) teeb oma s\u00e4rava naeratusega k\u00f5igi p\u00e4eva paremaks. S\u00f5lmib vallatuid kihlvedusid, kuid mis on r\u00f5ve, see on ikka r\u00f5ve. Aastal 2025: seksikas arstit\u00e4di, n\u00e4iteks kirurg.<\/p>\n<h3>Hanna-Liisa \u201cSmartboard\u201d M\u00f5tus<\/h3>\n<p>Eriti mitmek\u00fclgne. Kunstiinimene, peoloom, kirglik rahvatantsukaunitar ja palju enamat. K\u00e4ib ringi naeratus n\u00e4ol, isegi m\u00f5eldes on tal salap\u00e4rane muie, mis v\u00f5idab k\u00f5igi s\u00fcdamed. Harrastab hommikusi iluuinakuid. Aastal 2025: t\u00e4htis kultuuritegelane v\u00f5i kunstnik.<\/p>\n<h3>Henrik \u201cNietzsche\u201d M\u00e4gi<\/h3>\n<p>Iroonia, sarkasm ja kriitika. Tavaliselt istub vaikselt ja vaatab k\u00f5iki arvustava pilguga. K\u00fc\u00fcniline, sest teab, kuidas asjad tegelikult k\u00e4ivad\/on k\u00e4inud. Alati on midagi \u00f6elda. M\u00f5ttetute inimeste ja tegevuste peale aega ei raiska. Aastal 2025: kui poliitikukarj\u00e4\u00e4ri k\u00f5rvalt aega \u00fcle j\u00e4\u00e4b, peab \u00fclikoolis kindlasti m\u00f5ne ajalooteemalise loengu.<\/p>\n<h3>Harri \u201cSes-m\u00f5ttes-et\u2026\u201d M\u00fcndel<\/h3>\n<p>Sportlane, kes f\u00fc\u00fcsika- ja bioloogiatundides istub k\u00f5rvad kikkis. Armas ning s\u00f5bralik. V\u00f5tab k\u00f5ike s\u00fcgavaima rahulikkusega. Kui \u00fcldse, siis m\u00e4ngib ajaviiteks klassikalisi m\u00e4nge nagu \u201eDoom I\u201c. Aastal 2025: suurep\u00e4rase f\u00fc\u00fcsilise vormi ja seksika kohvriga \u0161ikk \u00e4rimees.<\/p>\n<h3>Annemary \u201cAlaealine kosmopoliit\u201d Neimar<\/h3>\n<p>T\u00fcdruk, kes oli, on ja j\u00e4\u00e4b alaealiseks. Kuigi ta aeg-ajalt hommikuks kooli ei j\u00f5ua ning matemaatika ja f\u00fc\u00fcsikaga ka suhted k\u00f5ige soojemad ei ole, on tegu \u00fche r\u00f5\u00f5msa, aktiivse ja otsekohese neiuga. Aastal 2025: geoloog<\/p>\n<h3>Morten \u201cDon\u2019t-forget-your-towel\u201d Piibeleht<\/h3>\n<p>F\u00fc\u00fcsikahumorist, matemaatikageenius, filosoof ning muidu lihtsalt brilliant. S\u00f5bralik ning alati valmis k\u00f5iki aitama. Pealehakkaja t\u00fc\u00fcp, kes ei karda oma arvamust v\u00e4lja \u00f6elda (eriti inglise keele tunnis). Aastal 2025: Ameerikas ja mujal maailmas laineid l\u00f6\u00f6v f\u00fc\u00fcsik.<\/p>\n<h3>Tarmo \u201cKutsikas\u201d Prillop<\/h3>\n<p>Tagasihoidlik, aga see-eest teadmisi tal jagub. Ilmselt l\u00f5petab TT\u00dcs juba oma bakalaureuset\u00f6\u00f6d (t\u00f5en\u00e4oliselt f\u00fc\u00fcsika erialal). Meeletult m\u00f5istlik ja abivalmis. Oli eelmises elus ilmselt maakera s\u00f5bralikem tehiskoer. Aastal 2025: vallutab oma iseehitatud robotite armeega maailma.<\/p>\n<h3>Helis \u201cPrintsess\u201d Puksand<\/h3>\n<p>P\u00e4ikeseline, kohusetundlik, siiras ning l\u00f5putu suhtlemisvajadusega ilus neiu. Kui leiab midagi huvitavat, l\u00e4hevad silmad kiirelt s\u00e4rama. Vaatamata heledatele juustele v\u00e4ga arukas ja tark. Kunagi ei j\u00f5ua s\u00f6\u00f6givahetundi \u00e4ra oodata. Aastal 2025: konstrueerib keerulisi masinaid.<\/p>\n<h3>Tanel \u201cNunnu\u201d P\u00e4rnamaa<\/h3>\n<p>Muheda oleku, suurep\u00e4rase huumorisoone ja suure potentsiaaliga vend, kes tunneb aukartust\u00e4ratavalt h\u00e4sti majandust. Enne investeerimist tasub alati Tanelilt k\u00fcsida, mis aktsiad KOHE langema hakkavad. Aastaks 2041: Eesti rikkaim mees 2020, maailma rikkaim mees 2040.<\/p>\n<h3>Edvard \u201cMa\u2019i-tea\u201d Razumov<\/h3>\n<p>Suurep\u00e4rase kirjasoonega, kuid kergesti pabistama kippuv. N\u00e4itab oma t\u00f5elisi andeid s\u00f6\u00f6gij\u00e4rjekorda minekul: k\u00f5ige kiirem, parim logistik ja super prognoosija. Ajab laptopis omi asju ja itsitab vaikselt. Teataval m\u00e4\u00e4ral majakaks elufilosoofia k\u00fcsimuste alal. Aastal 2025: m\u00f5ne ajakirja palderjanis\u00f5ltlasest peatoimetaja.<\/p>\n<h3>Kaarel \u201cSkeptik\u201d Ratas<\/h3>\n<p>M\u00f5nusa olekuga, tark, abivalmis ning t\u00e4itmatu k\u00f5huga. Tal on alati varuks m\u00f5ni omap\u00e4rane anekdoot v\u00f5i k\u00fcsimus, mille peale keegi ei tuleks ja mis on ajuvabalt naljakas. Meeleldi lahendab s\u00f5prade arvutiprobleeme. Ei l\u00e4he sinna, kuhu Mart l\u00e4heb. Aastal 2025: teeb uurimist\u00f6\u00f6d ning on vabakutseline IT-mees.<\/p>\n<h3>Mart \u201cV\u00f5tan-s\u00f5na\u201d Ratas<\/h3>\n<p>V\u00e4ga aktiivne klassivend, kes on valmis toetama nii s\u00f5na kui ka teoga. Tuuseldab klassis, kaardipakk taskus, osav\u00f5tlikult ringi. Veidi ninatark, kuid alati naerul n\u00e4oga. Jutukas, ei karda oma arvamust avaldada. Piisavalt konkureeriv ja v\u00e4hemalt sama n\u00e4ljane kui Kaarel. Aastal 2025: kaardimoor.<\/p>\n<h3>Andrus \u201c\u0160armikus\u201d Raudsep<\/h3>\n<p>Suudab ka ilma midagi tegemata teistes naeru esile kutsuda. Ja kui suu avab, tuleb sealt huumorit ja\/v\u00f5i tarkust. Aitab klassi alati h\u00e4dast v\u00e4lja, alustades kodustest t\u00f6\u00f6dest ja l\u00f5petades k\u00f5ikv\u00f5imalike rollidega, mida paratamatult kolme aasta jooksul laval t\u00e4itma peab. Astal 2025: poliitik, kes annab inkognito tantsutunde ja osaleb heategevus\u00fcritustel.<\/p>\n<h3>Kaileen \u201cPunastaja\u201d Raudsepp<\/h3>\n<p>L\u00fchike, armas, punap\u00f5skne t\u00fcdruk, kes satub kogu aeg piinlikesse olukordadesse. Meie klassi kasiinoaparaat, muudkui kogub raha. Lauam\u00e4ngude meister, kuid kui ta kaotama kipub, siis hoidke alt. Suurep\u00e4rane s\u00f5ber, moelooja ning ilus iluuisutaja. Aastal 2025: meestearst, meie klassi esimene ema.<\/p>\n<h3>Ingrid \u201cKilpkonnap\u00e4\u00e4stja\u201d Rist<\/h3>\n<p>Tagasihoidlikum, kuid see-eest suure s\u00fcdamega. S\u00f5bralik ja abivalmis. Juba tema t\u00f6\u00f6 vabatahtlikuna n\u00e4itab, kui toreda inimesega tegemist on. Suvel k\u00e4is Inglismaal \u201elapsehoidjaks\u201c ja plaanib ka tulevikus uusi, huvitavaid ja ekstreemseid asju proovida. Aastal 2025: neegrikuninga kolmas naine ja Eesti P\u00e4\u00e4steameti juhataja.<\/p>\n<h3>Erko \u201cAjajumal\u201d Risthein<\/h3>\n<p>Uskumatult iseseisev, oskab aega jagada. Vahel m\u00e4rkad, et \u00f5pib SAT-iks siis j\u00e4rgmine hetk teeb osta.ee\u2019s h\u00e4id diile, vahepeal j\u00e4lle ehitab oma autot, siis j\u00e4lle on kuskil peol. Koolis puhkab, \u00f6\u00f6sel paneb pidu. Rahulik, kuid talle korda minevatel teemadel r\u00e4\u00e4gib v\u00e4ga entusiastlikult. Aastal 2025: USA suurim energiajoogitarbija.<\/p>\n<h3>Konstantin \u201cVares\u201d Selli<\/h3>\n<p>Definitsioon: kaval naeratus, kulmukergitused, kondoomidega lips ja kabe. R\u00f5\u00f5mus klassivend, kes on tuntud ka v\u00e4ljaspool kooli tugeva m\u00e4lusportlase ja v\u00f5rkpallurina. Aasta noorkabetaja 2009! Eksamitesse suhtub \u00fclima vabadusega. Aastal 2025: maailmatasemel kabetreener ning Narva linnapea.<\/p>\n<h3>M\u00e4rt \u201cFull of beans\u201d \u0160anin<\/h3>\n<p>Legendaarne helimees ning Veiko parem k\u00e4si, kel alati suu k\u00f5rvuni. Lusti ja energiat j\u00e4tkub kauemaks ning suudab alati p\u00e4eva paremaks muuta. Naerul n\u00e4oga arutab Taneliga aktsiam\u00e4ngu tulemusi. Uhke autoomanik. Aastal 2025: M\u00e4rt Avandi isiklik trummar ja m\u00e4ned\u017eer.<\/p>\n<h3>Edwart \u201cEgo\u201d \u017ddanovit\u0161<\/h3>\n<p>J\u00f5uab k\u00fcll palju, alustades suusatamisest ja l\u00f5petades kardi ehitamisega, kuid vene keele t\u00f6\u00f6de ajaks kooli j\u00f5udmiseks ei kipu aega jaguma. Ladusa jutu ja piiramatu fantaasiaga eneseimetleja. Kinnisideeks Lady Gaga. Aastal 2025: Rita bisnesmenist abikaasa, kes s\u00f5idab Porchega, kuid keegi ei tea, kuidas ta omale raha kokku ajab.<\/p>\n<h3>Andre \u201cGeenius\u201d Tamm<\/h3>\n<p>Meie klassi tarkpea. Teeb h\u00e4sti k\u00f5ike, mida ta teeb ning alati teab, mida r\u00e4\u00e4gib. Oma suurep\u00e4rase huumorimeele, lennuka fantaasia ja \u00fcle\u00fcldise muhedusega tekitab lausa kadedust. K\u00f5ige nakatavama naeruga. Aastal 2025: teleporteri leiutaja (katsej\u00e4nesteks olid tema arvukad lapsed) ning noorim Eesti president.<\/p>\n<h3>Thea \u201cL\u00e4hme-\u00dcberisse\u201d Tuum<\/h3>\n<p>Fun-fun-fun! Disko domineerib nii tema olemuses kui v\u00e4limuses. Armas ning arukas ning blondiin, kes ei pea humanitaaraineid tegelikult eriti \u00f5ppimisv\u00e4\u00e4rseteks. J\u00f5uab k\u00f5ikjale, teab, mida tahab ning saavutab selle. Vajadusel oskab manipuleerida. Aastal 2025: maailma kauneim teedeehitja.<\/p>\n<h3>Triin \u201cAus\u00f5na-ma-ei-maganud\u201d Vaima<\/h3>\n<p>Kui Triin jooksuga fini\u0161isse j\u00f5udis, olid teised alles stardis. Tore ja aktiivne klassi\u00f5de, kes ei j\u00e4\u00e4 teistele alla ei koolipingis ega staadionil. Nii m\u00f5negi poisi kinnisidee; suudab ka k\u00f5ige hullemates olukordades olla r\u00f5\u00f5msameelne. Inglise keele geenius. Aastal 2025: kergej\u00f5ustiklane ja \u201ef\u00fc\u00fcsika\u00f5petaja\u201c.<\/p>\n<h3>Malle \u201cSoovin-parimat\u201d Kask<\/h3>\n<p>Armas klassijuhataja, kes teeb k\u00f5ik, mis tema v\u00f5imuses, et p\u00e4\u00e4sta 12.B klassi mainet. Tema poole v\u00f5ib alati h\u00e4das p\u00f6\u00f6rduda. She\u2019s got our back \ud83d\ude09 Vahetevahel k\u00fcll pisut naiivne, kuid see just n\u00e4itabki tema usku ja hoolivust \u00f5pilaste suhtes. Keegi ei tea, kuidas tal \u00f5nnestus meid Islandile saada, kuid meie oleme talle selle eest v\u00e4ga t\u00e4nulikud. Aastal 2025: aasta \u00f5petaja.<\/p>\n","protected":false},"excerpt":{"rendered":"<p>Google meie klassi kohta 2008. aasta iseloomustused 2009. aasta iseloomustused Rita \u201cStiilne\u201d Aedla EM 2010 uisustaar. Kolm \u00fches: t\u00f6\u00f6kas, tark ja k\u00f5ige stiilsem \u2013 v\u00e4rske iga p\u00e4ev. Veidi tagasihoidlik kuid alati l\u00f5bus, s\u00fcdamlik ning kena klassi\u00f5de, kes hoolitseb, et poleks k\u00f5rvalej\u00e4etuid. Kui \u00fcldse keegi, siis teab tema, mis koolis parasjagu teoksil on. Aastal 2025: Edwarti [&hellip;]<\/p>\n","protected":false},"author":1,"featured_media":0,"parent":0,"menu_order":3,"comment_status":"open","ping_status":"open","template":"","meta":{"footnotes":""},"class_list":["post-130","page","type-page","status-publish","hentry"],"_links":{"self":[{"href":"https:\/\/www.real.edu.ee\/ajaveeb\/125b\/wp-json\/wp\/v2\/pages\/130","targetHints":{"allow":["GET"]}}],"collection":[{"href":"https:\/\/www.real.edu.ee\/ajaveeb\/125b\/wp-json\/wp\/v2\/pages"}],"about":[{"href":"https:\/\/www.real.edu.ee\/ajaveeb\/125b\/wp-json\/wp\/v2\/types\/page"}],"author":[{"embeddable":true,"href":"https:\/\/www.real.edu.ee\/ajaveeb\/125b\/wp-json\/wp\/v2\/users\/1"}],"replies":[{"embeddable":true,"href":"https:\/\/www.real.edu.ee\/ajaveeb\/125b\/wp-json\/wp\/v2\/comments?post=130"}],"version-history":[{"count":0,"href":"https:\/\/www.real.edu.ee\/ajaveeb\/125b\/wp-json\/wp\/v2\/pages\/130\/revisions"}],"wp:attachment":[{"href":"https:\/\/www.real.edu.ee\/ajaveeb\/125b\/wp-json\/wp\/v2\/media?parent=130"}],"curies":[{"name":"wp","href":"https:\/\/api.w.org\/{rel}","templated":true}]}}